{"id":263,"date":"2025-04-29T21:27:57","date_gmt":"2025-04-29T21:27:57","guid":{"rendered":"https:\/\/parafia.nowaruda.pl\/?page_id=263"},"modified":"2026-02-19T18:49:18","modified_gmt":"2026-02-19T18:49:18","slug":"interreg","status":"publish","type":"page","link":"https:\/\/parafia.nowaruda.pl\/?page_id=263","title":{"rendered":"Interreg"},"content":{"rendered":"\n<p><\/p>\n\n\n\n<figure class=\"wp-block-image size-full\"><img loading=\"lazy\" decoding=\"async\" width=\"856\" height=\"198\" src=\"https:\/\/parafia.nowaruda.pl\/wp-content\/uploads\/2025\/04\/obraz.png\" alt=\"\" class=\"wp-image-264\" srcset=\"https:\/\/parafia.nowaruda.pl\/wp-content\/uploads\/2025\/04\/obraz.png 856w, https:\/\/parafia.nowaruda.pl\/wp-content\/uploads\/2025\/04\/obraz-300x69.png 300w, https:\/\/parafia.nowaruda.pl\/wp-content\/uploads\/2025\/04\/obraz-768x178.png 768w\" sizes=\"auto, (max-width: 856px) 100vw, 856px\" \/><\/figure>\n\n\n\n<p><strong>Projekt \u201eGdy kamie\u0144 opowiada o historii region\u201d,<br>nr rejestracyjny&nbsp;G.019.02.0053 wsp\u00f3\u0142finansowany jest<br>ze&nbsp;\u015brodk\u00f3w Europejskiego Funduszu Rozwoju Regionalnego<br>w&nbsp;ramach Programu Interreg Czechy-Polska 2021-2027&nbsp;za po\u015brednictwem Euroregionu Glacensis,&nbsp;zarz\u0105dzaj\u0105cym Funduszem Ma\u0142ych Projekt\u00f3w<\/strong><\/p>\n\n\n\n<p><strong>Nazwa projektu:<\/strong><\/p>\n\n\n\n<p>Gdy kamie\u0144 opowiada o historii regionu<\/p>\n\n\n\n<p><strong>Cel projektu:<\/strong><\/p>\n\n\n\n<p>Cele projektu: rozszerzenie wsp\u00f3lnej oferty turystycznej &#8211; prezentacja identycznego dziedzictwa historycznego &#8211; po\u0142\u0105czenie dw\u00f3ch miejsc o tym samym dziedzictwie historycznym.<\/p>\n\n\n\n<p>G\u0142\u00f3wnymi celami projektu s\u0105:<\/p>\n\n\n\n<p>Wykorzystanie potencja\u0142u zasob\u00f3w kulturowych i historycznych dla zr\u00f3wnowa\u017conego rozwoju obszaru przygranicznego: Mikroregion Noworudzko i Broumowsko posiada ogromny potencja\u0142 dziedzictwa kulturowego. Potencja\u0142 turystyczny tych niezwykle interesuj\u0105cych obiekt\u00f3w nie jest w pe\u0142ni wykorzystywany; nagrobki b\u0119d\u0105ce celem projektu s\u0105 obecnie w stanie wymagaj\u0105cym interwencji konserwatorskiej. Obiekty te maj\u0105 ogromny potencja\u0142 jako autentyczne dziedzictwo przesz\u0142o\u015bci z bogat\u0105 symbolik\u0105, kt\u00f3r\u0105 projekt ma na celu wydoby\u0107 na \u015bwiat\u0142o dzienne i zinterpretowa\u0107. W ten spos\u00f3b b\u0119d\u0105 one mog\u0142y s\u0142u\u017cy\u0107 jako kolejny interesuj\u0105cy cel turystyczny.<\/p>\n\n\n\n<p><strong>Partner Wiod\u0105cy:<\/strong><\/p>\n\n\n\n<p>M\u011bsto Broumov<\/p>\n\n\n\n<p><strong>Partnerzy:<\/strong><\/p>\n\n\n\n<p>Parafia Rzymskokatolicka pod wezwaniem \u015bwi\u0119tego Miko\u0142aja w Nowej Rudzie<\/p>\n\n\n\n<p><strong>Bud\u017cet:<\/strong><\/p>\n\n\n\n<p>Ca\u0142kowite wydatki:&nbsp;66 602,28 \u20ac<\/p>\n\n\n\n<p>Dofinansowanie z&nbsp;EFRR:&nbsp;53 281,80&nbsp;\u20ac<\/p>\n\n\n\n<p><strong>Okres realizacji:&nbsp;<\/strong>01.02.2025 &#8211; 31.12.2025<\/p>\n\n\n\n<div data-wp-interactive=\"core\/file\" class=\"wp-block-file\"><object data-wp-bind--hidden=\"!state.hasPdfPreview\" hidden class=\"wp-block-file__embed\" data=\"https:\/\/parafia.nowaruda.pl\/wp-content\/uploads\/2025\/12\/PL_Tablica-fundacyjna-i-epitafia-na-murze-przykoscielnym-2-1.pdf\" type=\"application\/pdf\" style=\"width:100%;height:600px\" aria-label=\"Osadzone z PL_Tablica-fundacyjna-i-epitafia-na-murze-przykoscielnym (2).\"><\/object><a id=\"wp-block-file--media-d6bd71e5-1223-456a-bcb2-9f08a3837bec\" href=\"https:\/\/parafia.nowaruda.pl\/wp-content\/uploads\/2025\/12\/PL_Tablica-fundacyjna-i-epitafia-na-murze-przykoscielnym-2-1.pdf\">PL_Tablica-fundacyjna-i-epitafia-na-murze-przykoscielnym (2)<\/a><a href=\"https:\/\/parafia.nowaruda.pl\/wp-content\/uploads\/2025\/12\/PL_Tablica-fundacyjna-i-epitafia-na-murze-przykoscielnym-2-1.pdf\" class=\"wp-block-file__button wp-element-button\" download aria-describedby=\"wp-block-file--media-d6bd71e5-1223-456a-bcb2-9f08a3837bec\">Pobierz<\/a><\/div>\n\n\n\n<div data-wp-interactive=\"core\/file\" class=\"wp-block-file\"><object data-wp-bind--hidden=\"!state.hasPdfPreview\" hidden class=\"wp-block-file__embed\" data=\"https:\/\/parafia.nowaruda.pl\/wp-content\/uploads\/2025\/12\/CZ_Zakladaci-deska-a-epitafia-na-zdi-u-kostela-sv-Mikulase-v-Nowe-Rude.pdf\" type=\"application\/pdf\" style=\"width:100%;height:600px\" aria-label=\"Osadzone z CZ_Zakladaci-deska-a-epitafia-na-zdi-u-kostela-sv-Mikulase-v-Nowe-Rude.\"><\/object><a id=\"wp-block-file--media-22cca770-672b-4da7-97bb-47310e313b17\" href=\"https:\/\/parafia.nowaruda.pl\/wp-content\/uploads\/2025\/12\/CZ_Zakladaci-deska-a-epitafia-na-zdi-u-kostela-sv-Mikulase-v-Nowe-Rude.pdf\">CZ_Zakladaci-deska-a-epitafia-na-zdi-u-kostela-sv-Mikulase-v-Nowe-Rude<\/a><a href=\"https:\/\/parafia.nowaruda.pl\/wp-content\/uploads\/2025\/12\/CZ_Zakladaci-deska-a-epitafia-na-zdi-u-kostela-sv-Mikulase-v-Nowe-Rude.pdf\" class=\"wp-block-file__button wp-element-button\" download aria-describedby=\"wp-block-file--media-22cca770-672b-4da7-97bb-47310e313b17\">Pobierz<\/a><\/div>\n\n\n\n<div data-wp-interactive=\"core\/file\" class=\"wp-block-file\"><object data-wp-bind--hidden=\"!state.hasPdfPreview\" hidden class=\"wp-block-file__embed\" data=\"https:\/\/parafia.nowaruda.pl\/wp-content\/uploads\/2026\/02\/skladacka-nahrobky.pdf\" type=\"application\/pdf\" style=\"width:100%;height:600px\" aria-label=\"Osadzone z skladacka nahrobky.\"><\/object><a id=\"wp-block-file--media-84dccb49-601c-49d8-baaf-794314a06be6\" href=\"https:\/\/parafia.nowaruda.pl\/wp-content\/uploads\/2026\/02\/skladacka-nahrobky.pdf\">skladacka nahrobky<\/a><a href=\"https:\/\/parafia.nowaruda.pl\/wp-content\/uploads\/2026\/02\/skladacka-nahrobky.pdf\" class=\"wp-block-file__button wp-element-button\" download aria-describedby=\"wp-block-file--media-84dccb49-601c-49d8-baaf-794314a06be6\">Pobierz<\/a><\/div>\n","protected":false},"excerpt":{"rendered":"<p>Projekt \u201eGdy kamie\u0144 opowiada o historii region\u201d,nr rejestracyjny&nbsp;G.019.02.0053 wsp\u00f3\u0142finansowany jestze&nbsp;\u015brodk\u00f3w Europejskiego Funduszu Rozwoju Regionalnegow&nbsp;ramach Programu Interreg Czechy-Polska 2021-2027&nbsp;za po\u015brednictwem Euroregionu Glacensis,&nbsp;zarz\u0105dzaj\u0105cym Funduszem Ma\u0142ych Projekt\u00f3w Nazwa projektu: Gdy kamie\u0144 opowiada o historii regionu Cel projektu: Cele projektu: rozszerzenie wsp\u00f3lnej oferty turystycznej<\/p>\n","protected":false},"author":1,"featured_media":0,"parent":0,"menu_order":0,"comment_status":"closed","ping_status":"closed","template":"","meta":{"footnotes":""},"class_list":["post-263","page","type-page","status-publish","hentry"],"_links":{"self":[{"href":"https:\/\/parafia.nowaruda.pl\/index.php?rest_route=\/wp\/v2\/pages\/263","targetHints":{"allow":["GET"]}}],"collection":[{"href":"https:\/\/parafia.nowaruda.pl\/index.php?rest_route=\/wp\/v2\/pages"}],"about":[{"href":"https:\/\/parafia.nowaruda.pl\/index.php?rest_route=\/wp\/v2\/types\/page"}],"author":[{"embeddable":true,"href":"https:\/\/parafia.nowaruda.pl\/index.php?rest_route=\/wp\/v2\/users\/1"}],"replies":[{"embeddable":true,"href":"https:\/\/parafia.nowaruda.pl\/index.php?rest_route=%2Fwp%2Fv2%2Fcomments&post=263"}],"version-history":[{"count":4,"href":"https:\/\/parafia.nowaruda.pl\/index.php?rest_route=\/wp\/v2\/pages\/263\/revisions"}],"predecessor-version":[{"id":453,"href":"https:\/\/parafia.nowaruda.pl\/index.php?rest_route=\/wp\/v2\/pages\/263\/revisions\/453"}],"wp:attachment":[{"href":"https:\/\/parafia.nowaruda.pl\/index.php?rest_route=%2Fwp%2Fv2%2Fmedia&parent=263"}],"curies":[{"name":"wp","href":"https:\/\/api.w.org\/{rel}","templated":true}]}}